at are the prime factors of m(-6)?
3
Let s be 131 - (0 + 1)*-1. Let n = -7005 + 7422. Suppose 0 = 3*o - 4*g - n, -o + g = -2*o + s. What are the prime factors of o?
3, 5
Let f = -270 - -607. Suppose -18 = x - 4*t - f, 3*x - 4*t - 933 = 0. List the prime factors of x.
307
Let q(f) = -9*f + 4. Let o be q(-1). Let u(x) = -3*x**2 + 19*x + 13. Let d(h) = 7*h**2 - 38*h - 26. Let y(t) = o*u(t) + 6*d(t). List the prime factors of y(-7).
3
List the prime factors of 4*(64152/32 + -11).
5, 11, 29
Let h(d) = 4*d - 5. Let y be h(2). Suppose -p - 420 = y*p. List the prime factors of 20/((-6)/p*5).
2, 5, 7
Let g(k) = -16*k - 45. Let a be g(-9). Suppose 3*y - a = -5*b, -y - 1 = -4. Suppose 2*n - 3*o = b + 167, -2*n = o - 165. List the prime factors of n.
5, 17
Let v(x) = 85*x - 25. Let y be v(2). Suppose j - y - 186 = 0. List the prime factors of j.
331
Suppose 0 = -4*v - 55*p + 52*p + 26658, v + 4*p = 6645. What are the prime factors of v?
3, 13, 19
Let s(o) = -2*o**2 + 302*o - 464. What are the prime factors of s(70)?
2, 2719
Let w(c) = 13*c**3 - 8*c**2 + 52*c - 23. What are the prime factors of w(7)?
2, 19, 29
Suppose 5*q - 3*i + 4 = -4*i, -3*i = -3*q - 6. Let d be (-3 - 71)/1 - q. List the prime factors of d/((-2)/2*1).
73
Suppose -14*h - 14*h = 11400 - 68352. List the prime factors of h.
2, 3, 113
Let z(h) = 513*h + 157. Let w be z(-37). List the prime factors of (-6)/(-4) + (w/(-16))/13.
2, 23
Let h = 25 + -33. Let k(n) = n**3 + 8*n**2 + n + 3. Let f be k(h). What are the prime factors of ((-16)/4 - -3)*f?
5
Suppose 2*w + 0*w = 696. Let t(x) = -14*x + 280. Let g be t(20). What are the prime factors of (w/10)/((-3)/(-15 + g))?
2, 3, 29
Suppose -187099 = 120*l - 661355 - 634424. List the prime factors of l.
9239
Let r = -93 - -87. List the prime factors of -1*r/((-6)/(-185)).
5, 37
Suppose 133*o - 560883 = 751707 + 147883. List the prime factors of o.
79, 139
Suppose -4*v + 312 = 80. Let p be 0 - (-1)/(-1) - -14. Suppose p*y = 14*y - v. What are the prime factors of y?
2, 29
Let h(d) = -23*d - 8. Let m be h(3). Let g = -81 - m. List the prime factors of (-42)/g*(2 - 0/(-6)).
3, 7
Suppose -o + 6 = -0*o - 4*b, 0 = 3*b. Let u(h) = 8*h - 20*h - 3*h**2 + o*h**2. What are the prime factors of u(8)?
2, 3
Let w(z) = -1 + 20*z + 220*z**3 - 210*z**3 - 8 + z**2. List the prime factors of w(4).
727
Suppose -q = 5*k + 18, 5*q = 12*k - 8*k + 26. Suppose r - q*l = -7 + 23, 0 = -5*r - l + 69. Suppose -3*g - r + 233 = 0. What are the prime factors of g?
73
Let r = -629 + 3840. List the prime factors of r.
13, 19
Suppose 605*a = 604*a + 11. Let k(s) = 2*s**3 - 14*s**2 - 2*s - 14. What are the prime factors of k(a)?
2, 233
Let x(c) = 312*c**2 - 5*c + 8. Let d(z) = 104*z**2 - z + 3. Let f(y) = 7*d(y) - 2*x(y). List the prime factors of f(-2).
5, 83
What are the prime factors of ((-136)/(-12))/(22/98208)?
2, 3, 17, 31
Suppose -16*i - 20556 = -54060. List the prime factors of i.
2, 3, 349
Suppose -k = -2*f - 2*k + 9267, -5*f - 3*k + 23168 = 0. List the prime factors of f.
41, 113
Let a = 34744 - 24668. What are the prime factors of a?
2, 11, 229
Let n(r) = r**2 - 11*r + 46. Let m be n(9). Suppose 0 = 5*a + 3*w - 2456, 3*a + 27*w = m*w + 1482. List the prime factors of a.
17, 29
Let v = -234 - -236. Suppose -5*y = 4*g - 1606 - 3598, v*g - 2602 = 4*y. List the prime factors of g.
1301
List the prime factors of 123760/52*(387/28 - 27/(-63)).
3, 5, 7, 17, 19
Let b = 2 + 0. Suppose 2*d - 3*h = 407, -5*d + 3*h - 425 = -7*d. Suppose 4*g = b*f - d, 4*f - 5*f - 4*g = -86. List the prime factors of f.
2, 7
Suppose -50 - 195 = -49*l. Suppose l*i - 2336 = -2*y, -7*y - 932 = -2*i - 9*y. List the prime factors of i.
2, 3, 13
Suppose 2 = y - 2, -5*a = 5*y - 45. Suppose -5 = -0*i - a*i. What are the prime factors of ((6/9)/(-2))/(i/(-147))?
7
Suppose 4*q + y = 13, -2*q + 4*y + 5 = q. Suppose 938 = q*l - 2*d, 3*d + 306 = l + d. What are the prime factors of l?
2, 79
Let c = 447 + -84. Let t = 526 - c. What are the prime factors of t?
163
Suppose 4*b - 12960 = -3*q, 9*b = -b - 4*q + 32386. What are the prime factors of b?
3, 13, 83
Let m be 2/5 + (-124222)/(-95). Suppose 2*n - m = -w, 3*w - 5*n = -0*n + 3902. List the prime factors of w.
2, 163
Let r(t) = 309*t**2 + 13*t - 93. List the prime factors of r(-8).
7, 2797
Suppose 4*i + 59077 = -53*i + 221014. List the prime factors of i.
3, 947
Let o(s) = 5746*s + 150. List the prime factors of o(12).
2, 3, 11, 349
Let l be (-2)/12 + (-3055)/(-78). Suppose 1115 = -l*u + 44*u. What are the prime factors of u?
223
Suppose 4*i + 195 + 133 = 0. Let y = -32 - i. List the prime factors of 2680/y - (-3)/(-5).
53
Let p(l) = -20*l - 15. Let m be p(-1). Suppose 4*g = m*g + 2. List the prime factors of ((-1)/g)/(5/2800).
2, 5, 7
Let o = 340 - 476. Let z = o + 160. What are the prime factors of z?
2, 3
Let l(j) = j**3 + 55*j**2 + 63*j + 45. List the prime factors of l(-53).
2, 7, 83
Let g(c) = -123*c**3 + 13*c**2 + 37*c + 13. List the prime factors of g(-2).
3, 5, 13
Suppose -v = -40 - 110. Let z = 130 - 128. Suppose -z*a = 3*r - r - v, -3*r = -9. List the prime factors of a.
2, 3
Let v = -67 + 73. Suppose -t = -v*t - 220. Let n = 125 - t. List the prime factors of n.
13
Let z(b) = 55*b**2 - 201*b + 53. List the prime factors of z(19).
3, 31, 173
Suppose -5 = -c, -c + 225 = 28*m - 24*m. What are the prime factors of m + (5 + -5 - (1 - -2))?
2, 13
Let v be (-4)/(-14) - 474/(-7). Let i = 72 - v. Suppose -i*k + 69 = -3*k. What are the prime factors of k?
3, 23
Let b be (3/5)/(((-72)/(-40))/9). Suppose -4970 = -b*y - 4*y. What are the prime factors of y?
2, 5, 71
Let c(i) = -3*i**3 + i**2 - 3*i - 4. Let w(s) be the first derivative of -5*s**2/2 - 32*s - 7. Let k be w(-6). What are the prime factors of c(k)?
2, 3, 5
Let i(h) = h**3 - 11*h**2 + 6*h + 24. Suppose 2*j = -3*v + 32, 3*v + 5*j = 36 - 1. Let k be i(v). Let s(y) = -2*y + 42. What are the prime factors of s(k)?
2, 37
Suppose 0 = -2*o - 14*o - 400. Let r = o - -29. Suppose -5*z + 95 = u, 4*u - u - r*z - 266 = 0. What are the prime factors of u?
2, 3, 5
Let x = -603 + 605. Suppose -1013 = -3*l + 4*j + 1178, -j = x*l - 1457. List the prime factors of l.
3
Let d(j) = -j**2 + 50*j - 90. Let q = -143 + 181. List the prime factors of d(q).
2, 3, 61
Let d(y) = 8*y**3 + 17*y**2 - 67*y - 1. Let m be (-12)/2*(-6)/9. List the prime factors of d(m).
5, 103
Suppose -5*v = -4 - 6. Suppose 8*x - 3 = 5*x, -5*y + 4*x + 451 = 0. Suppose -v*z = -y + 7. What are the prime factors of z?
2, 3, 7
Let x = -14 + -2. Let r be x/6*(-9)/6. Suppose 4*g = 12 - r. What are the prime factors of g?
2
Suppose -51*q + 56*q = 1330. Let r = 507 + -357. Let x = q - r. What are the prime factors of x?
2, 29
Let z(v) be the second derivative of 7*v**3/3 - 7*v**2/2 + 13*v. Let s be z(-4). Let p = s + 83. What are the prime factors of p?
2, 5
List the prime factors of (-2 - (-295)/10)*(-5)/(25/(-2932)).
2, 11, 733
Let c be (-4)/4 - (-169 - 1). Suppose -34*b = -2202 - 1708. Let h = c - b. List the prime factors of h.
2, 3
Suppose -3*n + 334 = -4*n. Let i = -191 - n. Let z = 204 - i. List the prime factors of z.
61
Suppose -13 = -6*u + 77. Suppose 0 = -o + 2*k - 5*k - u, -3*o - k - 21 = 0. What are the prime factors of (152/o - 6/(-6))*-9?
3, 73
Let l = 25 - 22. Let t be -159 + -4 - 0*l/6. Let v = 271 + t. What are the prime factors of v?
2, 3
Let j = 19690 + -8326. What are the prime factors of j?
2, 3, 947
Let x(h) = -h**3 - 4*h**2 - 7*h + 2. Let g be x(-4). Let s be (-10)/(-3)*18/g. Suppose -r - 2*r = -2*n + 103, s*r = -3*n + 148. List the prime factors of n.
2, 5
Let t = -76907 - -112583. List the prime factors of t.
2, 3, 991
Suppose -3*k - 3*q + 174 = 33, -4 = -q. Let r = 2 + k. Suppose 0 = 2*d - 3*n - 103, -d + 0*n = 5*n - r. List the prime factors of d.
2, 5
Suppose -379721 = -62*j + 46467. What are the prime factors of j?
2, 7, 491
Suppose 4*q + 4*j = 23248, -2*j + 3628 + 19630 = 4*q. What are the prime factors of q?
3, 7, 277
Suppose -4*c - 4*u = -24, 3*u + 5 = -2*c + 20. What are the prime factors of (41800/(-150))/((-2)/c)?
2, 11, 19
Let p(r) = 69*r**2 - 36*r + 240. List the prime factors of p(19).
3, 5, 7, 233
Suppose q + 5 = 0, 2*p - 3627 = 4*q - 5*q. What are the prime factors of p?
2, 227
Suppose 4*c + 2*n - 810 = 0, -2*c + 0*c = 5